9
Calculate the remainder when 166 is divided by 19.
14
What is the remainder when 369 is divided by 57?
27
Calculate the remainder when 606 is divided by 61.
57
Calculate the remainder when 773 is divided by 222.
107
Calculate the remainder when 454 is divided by 196.
62
Calculate the remainder when 58 is divided by 22.
14
What is the remainder when 20479 is divided by 80?
79
What is the remainder when 67 is divided by 58?
9
Calculate the remainder when 191 is divided by 25.
16
Calculate the remainder when 1167 is divided by 45.
42
Calculate the remainder when 152 is divided by 41.
29
What is the remainder when 205 is divided by 150?
55
Calculate the remainder when 923 is divided by 21.
20
Calculate the remainder when 220 is divided by 160.
60
Calculate the remainder when 6 is divided by 3.
0
Calculate the remainder when 2492 is divided by 1236.
20
What is the remainder when 142 is divided by 53?
36
What is the remainder when 549 is divided by 23?
20
Calculate the remainder when 717 is divided by 6.
3
Calculate the remainder when 14 is divided by 8.
6
What is the remainder when 148 is divided by 75?
73
What is the remainder when 512 is divided by 17?
2
What is the remainder when 306 is divided by 37?
10
What is the remainder when 105 is divided by 33?
6
Calculate the remainder when 217 is divided by 104.
9
Calculate the remainder when 622 is divided by 25.
22
Calculate the remainder when 9 is divided by 6.
3
Calculate the remainder when 207 is divided by 30.
27
What is the remainder when 734 is divided by 15?
14
Calculate the remainder when 477 is divided by 48.
45
What is the remainder when 451 is divided by 61?
24
What is the remainder when 8297 is divided by 166?
163
Calculate the remainder when 829 is divided by 17.
13
What is the remainder when 131 is divided by 81?
50
Calculate the remainder when 599 is divided by 25.
24
What is the remainder when 4910 is divided by 16?
14
What is the remainder when 6973 is divided by 8?
5
Calculate the remainder when 4171 is divided by 16.
11
Calculate the remainder when 594 is divided by 188.
30
What is the remainder when 198 is divided by 20?
18
Calculate the remainder when 556 is divided by 131.
32
Calculate the remainder when 262 is divided by 45.
37
What is the remainder when 20 is divided by 15?
5
What is the remainder when 12347 is divided by 63?
62
What is the remainder when 447 is divided by 10?
7
Calculate the remainder when 517 is divided by 25.
17
Calculate the remainder when 373 is divided by 202.
171
Calculate the remainder when 57 is divided by 15.
12
What is the remainder when 15 is divided by 8?
7
What is the remainder when 7150 is divided by 23?
20
Calculate the remainder when 126 is divided by 29.
10
What is the remainder when 396 is divided by 135?
126
Calculate the remainder when 3913 is divided by 27.
25
Calculate the remainder when 87 is divided by 8.
7
Calculate the remainder when 21 is divided by 12.
9
Calculate the remainder when 1987 is divided by 13.
11
What is the remainder when 22267 is divided by 13?
11
Calculate the remainder when 1364 is divided by 18.
14
What is the remainder when 2053 is divided by 79?
78
Calculate the remainder when 84 is divided by 17.
16
Calculate the remainder when 450 is divided by 74.
6
What is the remainder when 3156 is divided by 528?
516
What is the remainder when 46 is divided by 21?
4
Calculate the remainder when 1502 is divided by 262.
192
Calculate the remainder when 279 is divided by 119.
41
What is the remainder when 354 is divided by 60?
54
Calculate the remainder when 185 is divided by 12.
5
What is the remainder when 32 is divided by 9?
5
Calculate the remainder when 14811 is divided by 18.
15
What is the remainder when 753 is divided by 58?
57
What is the remainder when 271 is divided by 138?
133
What is the remainder when 273 is divided by 54?
3
Calculate the remainder when 59 is divided by 34.
25
Calculate the remainder when 127 is divided by 11.
6
Calculate the remainder when 1442 is divided by 29.
21
Calculate the remainder when 429 is divided by 108.
105
What is the remainder when 4788 is divided by 141?
135
Calculate the remainder when 2170 is divided by 13.
12
What is the remainder when 494 is divided by 61?
6
Calculate the remainder when 3836 is divided by 1278.
2
What is the remainder when 361 is divided by 11?
9
Calculate the remainder when 228 is divided by 15.
3
What is the remainder when 1018 is divided by 60?
58
What is the remainder when 167 is divided by 49?
20
Calculate the remainder when 1161 is divided by 288.
9
Calculate the remainder when 427 is divided by 10.
7
Calculate the remainder when 43 is divided by 34.
9
What is the remainder when 121 is divided by 62?
59
Calculate the remainder when 422 is divided by 200.
22
What is the remainder when 275 is divided by 77?
44
Calculate the remainder when 479 is divided by 220.
39
Calculate the remainder when 1469 is divided by 134.
129
Calculate the remainder when 478 is divided by 47.
8
Calculate the remainder when 1372 is divided by 124.
8
Calculate the remainder when 856 is divided by 91.
37
What is the remainder when 52 is divided by 33?
19
Calculate the remainder when 31 is divided by 21.
10
What is the remainder when 79 is divided by 30?
19
What is the remainder when 395 is divided by 44?
43
What is the remainder when 173 is divided by 115?
58
Calculate the remainder when 895 is divided by 56.
55
What is the remainder when 228 is divided by 11?
8
Calculate the remainder when 888 is divided by 126.
6
What is the remainder when 586 is divided by 118?
114
What is the remainder when 867 is divided by 122?
13
Calculate the remainder when 122 is divided by 37.
11
What is the remainder when 1573 is divided by 263?
258
Calculate the remainder when 613 is divided by 15.
13
What is the remainder when 4693 is divided by 22?
7
Calculate the remainder when 219 is divided by 34.
15
Calculate the remainder when 330 is divided by 83.
81
Calculate the remainder when 165 is divided by 49.
18
Calculate the remainder when 3695 is divided by 12.
11
What is the remainder when 515 is divided by 37?
34
Calculate the remainder when 350 is divided by 17.
10
Calculate the remainder when 5424 is divided by 201.
198
What is the remainder when 1177 is divided by 20?
17
What is the remainder when 403 is divided by 32?
19
What is the remainder when 1691 is divided by 9?
8
Calculate the remainder when 16 is divided by 14.
2
Calculate the remainder when 154 is divided by 31.
30
Calculate the remainder when 121 is divided by 35.
16
Calculate the remainder when 812 is divided by 65.
32
What is the remainder when 28 is divided by 14?
0
What is the remainder when 204 is divided by 41?
40
Calculate the remainder when 341 is divided by 173.
168
What is the remainder when 108 is divided by 100?
8
Calculate the remainder when 47 is divided by 6.
5
What is the remainder when 16278 is divided by 23?
17
Calculate the remainder when 473 is divided by 67.
4
What is the remainder when 392 is divided by 79?
76
Calculate the remainder when 2061 is divided by 90.
81
Calculate the remainder when 34208 is divided by 27.
26
What is the remainder when 1760 is divided by 42?
38
What is the remainder when 279 is divided by 75?
54
Calculate the remainder when 123 is divided by 27.
15
What is the remainder when 583 is divided by 147?
142
Calculate the remainder when 214 is divided by 12.
10
What is the remainder when 311 is divided by 308?
3
Calculate the remainder when 3731 is divided by 1239.
14
Calculate the remainder when 1085 is divided by 34.
31
Calculate the remainder when 219 is divided by 45.
39
Calculate the remainder when 108 is divided by 16.
12
Calculate the remainder when 141 is divided by 29.
25
Calculate the remainder when 6179 is divided by 386.
3
What is the remainder when 576 is divided by 72?
0
Calculate the remainder when 1518 is divided by 25.
18
What is the remainder when 866 is divided by 17?
16
What is the remainder when 29 is divided by 8?
5
Calculate the remainder when 4586 is divided by 1141.
22
What is the remainder when 118 is divided by 116?
2
Calculate the remainder when 4098 is divided by 164.
162
What is the remainder when 507 is divided by 64?
59
What is the remainder when 66 is di